iple of 1299?
True
Is 40332478 a multiple of 141?
False
Does 410 divide 17090030?
True
Does 5122 divide 393939246?
False
Is 107 a factor of 57290646?
False
Does 10 divide 3955230?
True
Does 3924 divide 66847141?
False
Is 411 a factor of 258471324?
True
Is 244040383 a multiple of 733?
False
Does 24 divide 37693262?
False
Is 130603297 a multiple of 16?
False
Does 15 divide 34023300?
True
Is 2383 a factor of 53515031?
True
Is 206909424 a multiple of 288?
False
Is 388 a factor of 79063536?
True
Is 1657 a factor of 26590419?
False
Is 351 a factor of 17949789?
True
Is 2786994449 a multiple of 83?
False
Is 69 a factor of 6955131?
True
Is 25 a factor of 1165983987?
False
Is 635705631 a multiple of 27?
True
Is 100527540 a multiple of 10?
True
Is 2029984 a multiple of 18?
False
Is 330 a factor of 94628490?
True
Is 398 a factor of 238663788?
False
Is 230400585 a multiple of 3715?
True
Is 15 a factor of 15135965?
False
Is 577294 a multiple of 206?
False
Is 24 a factor of 468280368?
True
Is 3672 a factor of 380551392?
True
Does 206 divide 455180860?
False
Is 145 a factor of 163366731?
False
Is 22 a factor of 4004595584?
True
Does 387 divide 93847887?
True
Is 1271547391 a multiple of 1199?
False
Is 11 a factor of 41723589?
False
Does 2086 divide 1139663154?
True
Does 1031 divide 61176447?
True
Is 301 a factor of 356679281?
True
Is 54998482 a multiple of 1078?
True
Is 3376192 a multiple of 682?
False
Is 270437915 a multiple of 773?
True
Is 38 a factor of 1281717197?
False
Does 3451 divide 37153131?
False
Is 31410684 a multiple of 1896?
False
Is 43339107 a multiple of 9?
False
Is 47 a factor of 76343416?
True
Is 282110009 a multiple of 2820?
False
Is 12 a factor of 48888215?
False
Does 1042 divide 823042615?
False
Is 81434955 a multiple of 293?
True
Does 3221 divide 1658260893?
False
Is 1322 a factor of 68143812?
True
Is 1960 a factor of 75995839?
False
Is 317074271 a multiple of 142?
False
Is 20873626 a multiple of 382?
True
Does 251 divide 77208855?
True
Does 1480 divide 9698440?
True
Does 1847 divide 1476033744?
True
Is 11 a factor of 2739160182?
True
Is 70265037 a multiple of 40?
False
Does 8 divide 7767744?
True
Is 377798283 a multiple of 5?
False
Does 15 divide 175815504?
False
Is 13 a factor of 10549790?
False
Is 3 a factor of 2467656?
True
Is 163 a factor of 4180076809?
True
Is 157 a factor of 1634315992?
True
Is 1521 a factor of 1771681197?
False
Is 19300897 a multiple of 15?
False
Is 447 a factor of 307154709?
True
Is 2069 a factor of 2025016731?
False
Does 818 divide 73491574?
True
Is 154173645 a multiple of 1181?
True
Is 2624079291 a multiple of 3461?
False
Does 678 divide 23991247?
False
Does 797 divide 27270755?
False
Does 18 divide 3173796?
True
Does 2 divide 580019070?
True
Is 11992080 a multiple of 435?
True
Is 392357280 a multiple of 1632?
True
Does 13 divide 62242271?
True
Is 32285070 a multiple of 90?
True
Does 61 divide 88519784?
True
Is 826140294 a multiple of 9?
True
Is 54905148 a multiple of 3429?
True
Is 33 a factor of 92866290?
True
Is 698 a factor of 827724?
False
Does 38 divide 20902295?
False
Is 26 a factor of 34852324?
True
Is 367624583 a multiple of 34?
False
Is 70 a factor of 3939342?
False
Does 120 divide 54493423?
False
Does 543 divide 12112158?
True
Does 120 divide 444811431?
False
Is 233383788 a multiple of 198?
True
Is 17813280 a multiple of 255?
True
Is 2883 a factor of 190664322?
True
Is 76185164 a multiple of 737?
True
Is 381 a factor of 7891076?
False
Is 20755920 a multiple of 1970?
True
Does 1655 divide 27946330?
True
Is 5 a factor of 390644639?
False
Is 395 a factor of 137294495?
True
Is 18768510 a multiple of 81?
True
Is 2026969940 a multiple of 20?
True
Is 717 a factor of 1966014?
True
Is 180106741 a multiple of 94?
False
Is 518774311 a multiple of 167?
True
Is 3564666 a multiple of 133?
True
Is 14749246 a multiple of 14?
False
Does 3 divide 1918425?
True
Does 3159 divide 2938102637?
False
Is 144 a factor of 428688?
True
Does 119 divide 51833663?
True
Is 1874 a factor of 355260001?
False
Is 4725 a factor of 398518274?
False
Does 148 divide 52784348?
True
Is 14 a factor of 55218940?
True
Does 396 divide 4753106201?
False
Does 5 divide 335415930?
True
Is 1486598496 a multiple of 48?
True
Is 188 a factor of 157960808?
False
Is 35 a factor of 233653939?
False
Is 45626773 a multiple of 691?
False
Is 63 a factor of 4631157468?
True
Is 35277898 a multiple of 19?
False
Is 706842337 a multiple of 2757?
False
Does 60 divide 506586?
False
Is 62 a factor of 7756076?
True
Does 1067 divide 197139583?
False
Is 571 a factor of 8213835?
True
Does 668 divide 443254117?
False
Does 18 divide 15305310?
True
Is 29923500 a multiple of 250?
True
Does 160 divide 95702659?
False
Is 1897 a factor of 514377241?
True
Does 3340 divide 2615774440?
True
Is 73717875 a multiple of 759?
True
Is 5 a factor of 94394708?
False
Is 23 a factor of 77907483?
False
Does 21 divide 157379314?
False
Is 46785011 a multiple of 19?
True
Is 11 a factor of 36565669?
False
Does 29 divide 1873982169?
False
Is 13500754 a multiple of 12?
False
Is 486700614 a multiple of 19?
False
Is 3653 a factor of 221981851?
True
Does 11 divide 68513327?
False
Is 389 a factor of 26775648?
True
Does 63 divide 28874176?
False
Does 171 divide 82991479?
False
Is 51935932 a multiple of 371?
False
Is 15555195 a multiple of 10?
False
Is 124 a factor of 1636071809?
False
Is 1498 a factor of 27223946?
False
Is 851 a factor of 700830838?
True
Is 253124960 a multiple of 20?
True
Does 299 divide 47260894?
False
Does 42 divide 1234346358?
True
Is 175 a factor of 27019926?
False
Is 33979042 a multiple of 45?
False
Is 666749575 a multiple of 5?
True
Is 905776 a multiple of 3?
False
Does 71 divide 132888921?
False
Is 8497023 a multiple of 40?
False
Does 11 divide 769379047?
False
Does 8 divide 325919278?
False
Is 159 a factor of 43915482?
True
Is 34 a factor of 3275134048?
True
Does 224 divide 5018624?
False
Is 28346340 a multiple of 11?
True
Is 753 a factor of 16238445?
True
Is 42987840 a multiple of 6?
True
Does 202 divide 18594421?
False
Does 7 divide 325459250?
False
Is 53 a factor of 207072537?
True
Is 400844 a multiple of 4?
True
Is 3616930026 a multiple of 94?
True
Is 2 a factor of 11982399?
False
Does 6 divide 3380376?
True
Is 290032295 a multiple of 83?
True
Is 14581618 a multiple of 81?
False
Is 57691816 a multiple of 2548?
True
Is 4182 a factor of 112161240?
True
Does 167 divide 14580277?
False
Does 31 divide 1784075041?
False
Does 21 divide 194764661?
False
Is 2494256814 a multiple of 1420?
False
Is 281268650 a multiple of 26?
True
Is 50518302 a multiple of 19?
True
Does 119 divide 936330794?
True
Does 153 divide 282878334?
True
Does 372 divide 65125296?
True
Does 1285 divide 83476170?
True
Is 2876010 a multiple of 5?
True
Is 5 a factor of 15011430?
True
Does 2018 divide 4459780?
True
Does 22 divide 1524689650?
True
Does 246 divide 260302360?
False
Is 82 a factor of 117416210?
True
Is 88761180 a multiple of 449?
False
Is 23535859 a multiple of 143?
False
Is 6920 a factor of 5251304280?
True
Is 2102 a factor of 1544995867?
False
Does 1278 divide 377669448?
True
Is 5309485 a multiple of 5?
True
Is 5 a factor of 1973317804?
False
Is 2777 a factor of 683817325?
False
Does 183 divide 528323382?
False
Does 45 divide 195118610?
False
Is 28390696 a multiple of 8?
True
Is 23 a factor of 2993184041?
False
Is 692 a factor of 5182388?
True
Is 6 a factor of 47739444?
True
Does 4 divide 14623280?
True
Does 3 divide 336011?
False
Does 24 divide 83786090?
False
Does 972 divide 5512135241?
False
Is 11595160 a multiple of 558?
False
Does 16 divide 16438446?
False
Is 270867134 a multiple of 148?
False
Is 7919095 a multiple of 9?
False
Is 307002252 a multiple of 23?
True
Is 125 a factor of 35459875?
True
Is 2 a factor of 10788730?
True
Does 157 divide 280789017?
False
Is 3258 a factor of 107165394?
True
Is 51149140 a multiple of 140?
True
Does 213 divide 69334056?
True
Is 7 a factor of 939667705?
False
Is 58650981 a multiple of 1041?
True
Is 14247896 a multiple of 11?
False
Does 91 divide 850237326?
False
Is 6 a factor of 301365813?
False
Is 55 a factor of 472000430?
True
Is 349 a factor of 99325051?
True
Does 346 divide 512795920?
False
Is 77 a factor of 48488925?
False
Is 222 a factor of 8676870?
Tru